What is -41 - ((5 - -7) + -44)?
-9
Evaluate 8 + 5 - (25 + -3).
-9
What is -20 - (1 - 9 - -7)?
-19
Evaluate 5 + (6 - (-5 - (-9 - 7))) - -14.
14
(-17 + 4 - (-3 + -6)) + -2
-6
(-18 - 0 - -8 - 6) + 1 - 3
-18
What is the value of 37 - (57 + -18) - (-1 - -24)?
-25
What is (-239 - -234) + (1 - 3 - 13)?
-20
Evaluate -37 + (11 - 13) + -8 + 14.
-33
What is the value of -1 + 2 + -3 + -4 + 0 + -3?
-9
Evaluate (-14 - -8) + (0 - 1) + 0.
-7
(-15 + 16 - -22 - 17) + (0 - -13)
19
-17 - (0 + (-17 - 6))
6
Evaluate (1 - -16) + 125 + -132.
10
11 - (30 + -2 + (-4 - -5))
-18
Calculate 36 + 4 + -18 + -20.
2
-133 + 94 + 2 + 40
3
What is the value of -4 + -13 + 1 + (-2 - -33) + -31?
-16
Calculate -12 - -2 - (-2 + 6 + -6 + -1).
-7
Calculate (-5 - -2) + (-44 - -43) - 1.
-5
What is the value of (0 - 18) + (3 - 17) + 22?
-10
Evaluate 12 + -19 - (-5 - -16).
-18
Calculate -20 - (-8 + -48 + 22).
14
Calculate 10 + (-7 + -2 - (-77 + 72) - 4).
2
(-2 - -3) + 4 + (-13 - -16)
8
What is 10 + -16 + 2 - (3 - 9)?
2
What is the value of (4 - -6) + -13 + 13 + -6?
4
1984 + -1980 - (6 + 1)
-3
What is -18 + 2 + -10 + (-3 - (-8 + 1))?
-22
(4 - -24) + 5 + -27
6
-15 + 28 + 18 + -29 - (-1 + -1)
4
0 - ((-12 - -7 - -22) + (0 - 6))
-11
What is (103 - 100 - (1 + -1 + 2)) + -1?
0
17 - (6 + 2 + 1) - 4
4
Calculate (9 - 20) + 20 - 10.
-1
What is 2 + (30 - (15 + -5 - -3))?
19
What is the value of 3 + (1 - 3) + 11 + -9 - 3?
0
-15 + (-2 - -2) + -6 + 10
-11
Calculate -20 - -3 - (19 + -27).
-9
Evaluate -23 + (-14 - -36 - -12).
11
What is the value of 29 - 2 - (25 + 12)?
-10
What is the value of (-443 - -438 - (-11 + (0 - 0))) + 7?
13
What is -21 + -54 - -91 - (9 + -1 - 1)?
9
What is the value of -104 + 93 - (-17 - 3)?
9
6 + -1 - (16 - (13 - (19 + -9)))
-8
Calculate -4 + 2 + -1 - (-1 + -30 + 30).
-2
(9 - -3) + -4 - 16
-8
What is 1 + (11 - 12) - (-3 - 1)?
4
What is 38 - ((28 - -1) + -11)?
20
6 + 0 + (-8 - ((-3 - -9) + -29))
21
-16 + (-6 - (-4 - 7) - 1)
-12
What is the value of -3 + 1 - ((-1 - -6) + -7 - 6)?
6
What is the value of (9 - 16 - -17) + -4?
6
Evaluate 4 + -1 - (71 - 64).
-4
What is the value of 6 - 0 - (-73 - -93)?
-14
What is the value of (-21 - (-17 + 9)) + 24?
11
What is the value of -4 - -14 - 4 - (6 - 0)?
0
-102 - -108 - (9 + 0)
-3
What is -14 + (2 - (-9 - 14))?
11
What is the value of (0 - 3) + 7 + (-33 - (-10 - 2))?
-17
-3 + (0 + 1 - (30 - 22 - 10))
0
-13 + 7 + 6 + -14 + 5
-9
-81 + 46 + -19 - -35
-19
Calculate 1 + -3 - (-8 - (-6 - (5 - 7))).
2
(12 - -40 - 49) + (-18 - (-1 - -1))
-15
Calculate (49 - (23 + 16)) + (-2 - -5 - 1).
12
(-6 - -2) + 2 - (-27 - (-69 + 18))
-26
What is -2 + (-1 - -8) - -1?
6
What is the value of -4 - -1 - (13 - (11 + 6))?
1
Evaluate (0 + -7 - -10 - -1) + -7 + 0.
-3
Calculate 53 - 57 - (-2 - -6).
-8
Evaluate (0 + 0 - (-69 + 71)) + 22 + 9.
29
Evaluate (-28 - -22) + -20 + 3.
-23
What is the value of -14 - (-12 + (0 - -10) + -2)?
-10
What is 4 + 3 + (-7 - -2) + 5?
7
What is -13 + (-11 - -4) + 12 + -2?
-10
Calculate -11 + 0 - (-58 + (56 - 22)).
13
What is the value of -2 + -6 - (-13 + 1 + (7 - 2))?
-1
Evaluate -82 - -96 - (20 + -5).
-1
Calculate 23 + 8 + (-13 - 22).
-4
7 - (8 - 10) - ((-4 - -13) + -11)
11
What is the value of (-5 + 4 + 8 - 2) + -9?
-4
What is (1 - (3 - 2)) + (50 - 55)?
-5
What is -4 + (-1 - (3 - (-5 - -3))) + -2?
-12
What is -2 + -3 + 4 + -39 + 3?
-37
What is -5 - (-9 + 26 + -21 + -3 + 1)?
1
What is 8 + (-22 - 6 - -31)?
11
What is the value of -14 + (70 - 63) + (37 - -2)?
32
What is the value of -15 - (4 - (14 - (-2 + -5)))?
2
What is 1 + 19 - (-27 - -21 - (-14 - -5))?
17
-12 + 2 + 1 + 6 - (7 - 47)
37
Evaluate -27 - (4 + 2 + -24).
-9
Calculate 2 + -11 + 83 + -77 - -7.
4
18 + (1 - (6 + 2)) - -8
19
Calculate -2 + 1 + -9 + (-9 - -10).
-9
Calculate -26 - (-45 - -14 - 4).
9
-3 - (43 + -59 - (-1 + -11))
1
What is 18 + (7 - (4 - -3) - 6)?
12
Evaluate -7 + 7 + -6 - -4.
-2
Calculate 8 - (9 + -21 + 9 - (4 + -3)).
12
What is the value of -5 - ((8 - 4) + -15) - (2 - 10)?
14
Evaluate (4 - 0 - 27) + 29.
6
What is the value of -11 + -2 - (-7 - 9 - -8)?
-5
Calculate -3 + 22 + -40 + 11.
-10
What is the value of 11 + -18 + 8 + 0?
1
What is (40 - 21) + -15 - (0 - 19)?
23
Evaluate 2 - (17 + -11) - (-1 + 1).
-4
What is the value of -9 - -20 - 30 - -7?
-12
Evaluate -5 - (14 + -1 + -14).
-4
Evaluate (-10 - -2) + 18 - 10.
0
Evaluate -1 + -32 - (-3 + -2 + 4) - -11.
-21
What is -3 - (17 - 40) - ((2 - 3) + 7)?
14
What is -15 + 18 - (4 - (-2 - -8))?
5
0 + -2 + 15 + (62 - 70)
5
What is (8 - 28) + (-4 - -6) + 1 + 3?
-14
What is the value of -2 + -5 - (25 + -9 + -14)?
-9
What is the value of -10 + 5 - (13 - 6)?
-12
What is the value of 6 - (7 - 7) - (-12 - -25)?
-7
Evaluate 41 + -42 + 2 + 3 + -12 + -1.
-9
What is the value of 22 + (-44 - -22) - (1 - 19) - 6?
12
-21 + 15 - (-4 - 13)
11
What is the value of (3 + -18 + 12 - 8) + (-2 - 5)?
-18
-13 - (13 - 31) - 2
3
Calculate (5 + -14 - -26) + -6.
11
-6 - (17 + -11) - 1 - (-4 + -1)
-8
What is 30 + -7 + -40 + 33?
16
Calculate (-1 - 3) + (-4 - 4 - (-11 - -6)).
-7
What is -8 - (-1 + 11 + (4 + -1 - 5))?
-16
What is 8 + -13 + 3 + 0 - -8?
6
What is the value of 84 + -81 + -3 + -12 + 0?
-12
Evaluate 618 - 631 - (-5 - 3 - 0).
-5
What is 27 + (11 - (45 + -14))?
7
Evaluate (-27 - -35) + (-19 - -3).
-8
What is the value of -11 + (16 - 27 - -12)?
-10
What is 17 - (4 - 9) - 10 - 8?
4
Calculate -8 - (5 + -22 - 3).
12
What is the value of -17 - (-21 - (35 + -3))?
36
Calculate -3 - (10 + (3 - -3 - (14 + -7))).
-12
Evaluate -3 + (20 - (6 + -2)).
13
-212 + 199 + (1 - -1 - (-5 - -2))
-8
What is (10 - -5 - -5) + -19?
1
Calculate 24 - ((-28 - -18) + 37).
-3
What is the value of (30 - (9 - -5)) + -2 + 10?
24
Calculate (-10 - -8) + (3 - -22) + -10.
13
What is 9 - (4 - -9) - 4?
-8
What is 16 + -19 - (-3 + 4 + -8)?
4
Calculate 5 - (-6 + -3 + (4 - 6) - -6).
10
What is the value of -33 + 5 - (19 - 31)?
-16
What is (27 - (13 + 23)) + -1 + 28?
18
Evaluate -2 - -1 - -3 - ((14 - 41) + 20).
9
What is the value of ((13 - 9) + -3 - 2) + 14?
13
Calculate (-12 - (0 - 6 - -1)) + -5 + -4.
-16
Calculate 1 + ((-16 - -6) + 0 - -1).
-8
What is the value of -11 + (13 + 5 - 9) + -20 + 2?
-20
Calculate 24 + -5 + 1 + -6 + -2.
12
-3 + 1 - (-15 + 6 + 6)
1
What is the value of 10 + -21 + 8 + 5 - -7 - 31?
-22
What is (-31 + 21 - (0 + -2)) + (-3 - -4)?
-7
What is (-1 - -5) + (-72 - (-71 - -13))?
-10
6 + (-9 + 0 - 2 - (5 - 13))
3
Calculate 15 + -42 + (1 - -17).
-9
Calculate (80 - 19 - -21) + -44.
38
What is the value of -32 + 47 - (-1 + 3 - -7 - 0)?
6
What is -6 + (141 - 125 - (1 - -6))?
3
What is the value of -5 + 9 - (9 + 2) - -34 - 2?
25
Calculate (-758 - -780) + (-1 + 7 - (-3 - -2)).
29
-10 + (-12 - (0 + -27))
5
(-8 - (-29 - -35)) + (2 - (0 - 5))
-7
Evaluate -1 + -4 - (-21 + -10 + 54).
-28
What is -2 - (-1 + -7 + 11 + 1)?
-6
Evaluate 5 - 49 - ((4 - (9 - 1)) + -7).
-33
Calculate 0 - 14 - (-183 - -171).
-2
Calculate (-33 + -1 - -3) + 1.
-30
What is the value of (11 - (9 - -10)) + 8 - -19?
19
Evaluate (16 - 32) + (-70 - -109).
23
Calculate 11 + (-4 + (-4 - -4) - (-3 + 1)).
9
-12 - 5 - (16 + -15 + -6 + 2)
-14
Evaluate 6 + 7 + (-13 + 2 - -5).
7
What is (-124 - -53) + 51 - (-10 - 0)?
-10
Calculate 4 - (-1 - 0) - (-3 + -56 + 54).
10
-8 + -13 - (-44 - -33)
-10
What is the value of (-5 - 8) + 6 + -1?
-8
Evaluate 51 - (20 + 16 + -9).
24
7 + (-24 - -10 - -9)
2
Evaluate -17 - (-23 - (-15 - 7)).
-16
Calculate 70 - 29 - 35 - (1 - 2).
7
What is the value of 820 + -835 + 26 + 1?
12
What is -5 + 0 - (3 + (-1 - 7))?
0
Evaluate -17 + (14 - 10) - -26 - 15.
-2
Calculate -5 + ((-7 - (5 + -5)) + 4 - -4).
-4
Calculate -10 + 12 + 3 - (-2 + 2 + -4).
9
What is the value of (-4 - -7) + 9 + -5 - 2?
5
Calculate (-44 - -38) + 4 + 7.
5
What is -12 + (-4 - (-1 - -6)) + 13?
-8
3 - (16 + -25 + (16 - -6 - -2))
-12
Evaluate -5 - (-42 - -15 - -16 - -13).
-7
Evaluate 6 + 19 + -17 - (4 - 2).
6
What is the value of 21 - ((0 - 3) + 60 + -49)?
13
What is the value of (-8 - 34 - -24) + 0?
-18
What is the value of 0 + 20 - (-118 + 125)?
13
-15 - (7 + -5 - 2 - -2)
-17
What is 59 + -53 + 8 + 0 + -46?
-32
What is the value of (14 - 1 - 12) + 5?
6
Evaluate 14 - 7 - (-2 + (-18 - -10)).
17
(12 - 8) + -11 - -3 - -7
3
What is the value of 14 + (-13 - (-1 + -19)) - (6 + -1)?
16
(3 - (1 + 3 + 0)) + 5
4
Calculate -29 - -30 - (-2 + 3 - 1 - 1)